*r + 2002. Determine w(4).
-21
Let a(i) be the first derivative of i**2/2 + 7*i + 1. Let t(o) = -8*o**2 - 7*o - 2. Let n = -89 - -88. Let u be t(n). Give a(u).
4
Let s(k) = -2*k**3 - 23*k**2 - 13*k - 16. Suppose 4123*p + 143 - 55 = 4115*p. What is s(p)?
6
Suppose 2688 = 370*n - 374*n. Let l = n + 652. Let g(a) = -a**2 - 20*a + 4. Give g(l).
4
Suppose 156*p + 311 = -131*p - 1124. Let z(g) = g**3 + 13*g**2 + 40*g + 3. Determine z(p).
3
Let h = -37 + 31. Let r be (-4)/h + (-23)/(-69). Let k(q) = -r + 0*q - q - 6 + 3*q. What is k(7)?
7
Let d = -159 - -173. Let s(x) = -5*x + d*x - 8*x + 9. What is s(-4)?
5
Let v = -111 - -131. Suppose 4*a = -a - v. Let h(r) be the second derivative of r**3/3 + r**2/2 - 32*r. Calculate h(a).
-7
Let n(f) be the first derivative of -9*f**4/4 - 4*f**3/3 + 3*f - 128. Let b(a) = -7*a**3 - 5*a**2 + 1. Let x(l) = 4*b(l) - 3*n(l). Give x(-8).
-5
Let i be 2/(-5) + (-254)/(-10). Let u be ((-5 - 10/15) + 4)*(-54)/15. Suppose -u*c = -i - 23. Let f(a) = a**3 - 7*a**2 - 9*a + 2. Determine f(c).
-6
Let a(x) = -x**3 + 15*x**2 + 16*x + 6. Let s be a(16). Let o(m) = m**2 - 2 + 3 - 6*m + 1 - 4. Determine o(s).
-2
Let m(b) = b**3 + 2*b**2 + 9*b + 11. Let c(a) = -a**3 - 5*a**2 - 10*a - 12. Let v(l) = 3*c(l) + 4*m(l). Give v(4).
-16
Let n(k) = k**2 + 5*k - 5. Let z(s) = 34*s**3 + 3*s - 2. Let x be z(-2). Let a be x/120*3/1. Calculate n(a).
9
Let s(p) = -p**3 + 15*p**2 - p + 9. Let t be (-20)/15*810/(-72). Determine s(t).
-6
Suppose -4*c = 8*c - 36. Let i(n) = 3 - 8*n**3 + 4*n**3 + 9*n**2 - 3*n**2 + 5*n + c*n**3. Give i(7).
-11
Let j be (-2)/12 + (-175)/(-6). Let g(s) = 24*s - j*s - 6 - 1 - 1. What is g(-7)?
27
Let z(y) = 3*y + 10. Let w(t) = t**3 - 49*t**2 - 20*t. Let v(g) = -3*g**3 + 98*g**2 + 41*g - 1. Let d(c) = 4*v(c) + 9*w(c). Let b be d(-16). Give z(b).
-2
Suppose 3*t + 4*o - 5 = -10, -11 = 4*t + o. Let b(r) = -4 + r + r**2 + 0*r + r + 0*r. What is b(t)?
-1
Let u(b) = b - 26. Suppose -14*p + 52335 = 52167. Give u(p).
-14
Suppose -2*i = 4 - 42. Suppose 97 + i = 4*l. Let v = 29 - l. Let o(m) = m**2 + m + 5. What is o(v)?
5
Suppose -111*l - 3153 = -156. Let r(i) = i**3 + 26*i**2 - 22*i + 137. Calculate r(l).
2
Let k(i) be the third derivative of -i**6/24 + i**5/30 - i**3/3 - 19*i**2 + 13. Calculate k(-1).
5
Let a be 2 + 1 + 0/2. Let o(g) = -80 - 76 + a*g - 83 + 237. What is o(3)?
7
Suppose 34*p + 54*p - 18 + 722 = 0. Let f(c) be the third derivative of c**6/120 + 2*c**5/15 - c**4/8 - 3*c**3/2 - c**2. Determine f(p).
15
Suppose 4*h - 10 = 2*g, -5*h - 18 = 5*g + 22. Let o(a) be the first derivative of a**4/4 + 5*a**3/3 - 9*a**2/2 + 4*a - 1716. Determine o(g).
-31
Suppose 0*k = -2*k - 8. Let n be k/(-1) + -3 - 3. Let h(b) = -19*b + 62. Let o(g) = -14*g + 44. Let x(a) = -5*h(a) + 7*o(a). Give x(n).
4
Let r(q) = -2 + 49*q**3 + 87*q**3 + 89*q**3 + 76*q**3 - 350*q**3 - 2*q + q**2. What is r(-1)?
50
Let w be (12/8 - 3)*38. Let u(s) = s**3 + 25*s**2 - 25*s - 25. Let k be u(-26). Let x = w - k. Let z(o) = -o**2 - 7*o - 7. Determine z(x).
-1
Let x(i) = 3748 + 5*i - 7471 + 3721. Suppose -5*s + 26 - 6 = 0. Calculate x(s).
18
Let g(q) = -q**3 + 8*q**2 - 7*q + 6. Suppose 5*c = 5*s + 68 - 3, c = 2*s + 16. Suppose -2*l = 4*p - 32 + c, -l - 3 = 0. Give g(p).
6
Let r(t) = 23*t**2 - 368*t - 5. Let d = 14932 + -14916. Determine r(d).
-5
Suppose 0 = -4*v + s + 25, -4*v + 4*s + 0*s + 28 = 0. Let z(n) = -9*n**2 - 7*n - 7. Let d(y) = 8*y**2 + 6*y + 6. Let w(k) = v*d(k) + 5*z(k). What is w(-1)?
3
Let i(s) = s**3 - 5*s**2. Let j be i(5). Suppose j = -5*h - 2*h + 28. Let f(r) = h*r**3 - 5*r - 3*r**3 - r**2 + 7 - 7*r**2 + 2*r**2. What is f(7)?
21
Let g = -34588 + 34598. Let p(v) be the third derivative of -v**4/12 + 11*v**3/6 - v**2. Calculate p(g).
-9
Let q(i) be the third derivative of -5*i**4/24 - 16*i**3/3 - 933*i**2 + i. What is q(12)?
-92
Let u(k) = k**2 - 29*k - 168. Suppose 172*c - 8806 = -8*c - 79*c. What is u(c)?
2
Let h(k) be the second derivative of k**5/30 + k**4/6 - 41*k**3/6 - k + 8. Let p(s) be the second derivative of h(s). Determine p(-3).
-8
Let h(b) be the third derivative of b**5/6 - b**4/8 + 2*b**3/3 - 434*b**2. Calculate h(2).
38
Let l(a) = a**2 + 12*a + 47. Suppose 10552*g - 350 = 10577*g. Give l(g).
75
Let a(x) = x**3 - x**2 - x + 2. Let j(f) = f**3 - 4*f**2 + 19*f - 29. Let m be j(2). What is a(m)?
1
Suppose -30*y - 1929 = y - 1030. Let f(x) = 6*x + 171. Calculate f(y).
-3
Let r = 24021 - 24016. Let n(c) = -24*c + 76. Determine n(r).
-44
Let a(y) = y**2 - 16*y + 61766. Let c be a(0). Let b(f) = 2*f + f**2 - 61758 + c - 8*f. Determine b(8).
24
Let f be (-240 + -4)*5/2. Let d = f + 611. Let z(i) = -50*i. Determine z(d).
-50
Let b(h) be the second derivative of h**4/12 - h**3 - 3*h**2 + 193*h. Let m(d) = d**2 - 4*d - 5. Let y(x) = -3*b(x) + 2*m(x). Determine y(11).
-3
Let w be (-150)/9*((-105)/10)/7. Let a be (-3 + -2)*(-10)/w. Let q(p) = -6*p**2 - 2*p - 1. Give q(a).
-29
Let d(a) = -4*a**2 - 4*a - 2. Let i be d(0). Let h(j) = 9*j + 23. Let t be h(i). Let y(m) = m**3 - 6*m**2 + 5*m + 3. What is y(t)?
3
Suppose 3*j + 3*p = 748 + 314, -362 = -j + 3*p. Let x = 352 - j. Let r(z) = z. Let v(l) = l - 8. Let y(i) = 2*r(i) - v(i). Determine y(x).
4
Let l(r) = -r + 13. Let y be 564/705 + (-112)/(-10) + (-9)/1. Give l(y).
10
Let q = -323/1005 + 26/67. Let w(m) be the third derivative of 1/4*m**4 + 7*m**2 + 0*m - 1/120*m**6 + 7/6*m**3 - q*m**5 + 0. Calculate w(-5).
2
Let u(c) = -c + 2. Let i(w) = -w**2 - w - 1. Let r(y) = -2*y**3 + 31*y**2 - 14*y + 36. Let k(n) = 2*i(n) + r(n). Let a be k(14). Give u(a).
-4
Let w(j) be the second derivative of j**4/6 - 23*j**3/6 + 31*j**2/2 - j - 75. What is w(10)?
1
Let y(u) = -2*u**3 - 19*u**2 + 9*u - 19. Let i be (((-2)/(-4))/(-1))/((-1)/(-18)) - 1. Give y(i).
-9
Let c(x) = -255 - 16*x - x**2 - 3*x + 276. Give c(-21).
-21
Let d(r) = 4*r**2 - r - 9. Let f(t) = -2*t**2 - 74*t - 77. Let q be f(-36). Let a(n) = 2*n**2 - 5. Let y(w) = q*a(w) + 3*d(w). Determine y(3).
7
Let o(a) = -a**2 - 3*a - 4. Suppose 4*d - 3*d = 2*d. Suppose -11*v + 8*v + 72 = d. Let p = v - 28. Give o(p).
-8
Let h(u) = 5*u + 36. Let p be 2499/(-714)*(1 - -1). Give h(p).
1
Let z = 422250 + -422255. Let p(l) = l**2 + 7 + 5*l + 0*l - 2*l. Give p(z).
17
Let w(s) = 7*s**3 - 7*s**2 + s + 5. Let h = 150 + -156. Let t(u) = 6*u**3 - 5*u**2 + 5. Let r(y) = h*t(y) + 5*w(y). Calculate r(-6).
1
Let u(j) be the first derivative of j**3 + 79*j**2/2 + 16*j + 4712. Determine u(-26).
-10
Let m(h) = -h**2. Let g(z) = -4*z**2 + z - 9. Let n(s) = -g(s) + 6*m(s). Determine n(-4).
-19
Let k(d) = -1341*d**2 + 2698*d**2 - 1352*d**2 + 33*d - 1 - 15. Calculate k(-7).
-2
Let c(z) be the second derivative of z**5/20 - 2*z**4/3 - z**3/3 + 11*z**2/2 + 25*z. Suppose -2*f + k + 15 = 0, -4*f = -2*f + 4*k - 20. Calculate c(f).
-5
Let v(d) = -3*d - 55 + 118 - 38 + 6*d. Give v(-10).
-5
Let o(z) = -19*z + 2*z**2 + 5*z**2 + 26*z + 3*z**2. Let d(b) = -28*b**2 - 20*b. Let t(l) = 6*d(l) + 17*o(l). Determine t(-2).
10
Let m be (-2)/(-6) - (-4)/6. Let v be 9/24*8 - (-1 - 1). Suppose 4*z - v*z - m = 0. Let l(u) = -8*u - 1. What is l(z)?
7
Suppose 2282 - 2333 = 17*b. Let z(p) = -4*p + 4 - 4*p + 5*p + 0*p - 2*p**2. Determine z(b).
-5
Let x(d) = 2*d + 6. Let l(s) be the third derivative of -s**6/120 - s**5/20 + s**4/12 + s**3/6 - 20*s**2. Let y be l(-2). Determine x(y).
-8
Let m(n) = -5*n - 47. Let t be m(-9). Let c(j) = j + 1. Let f(v) = 3*v + 2. Let z(w) = t*c(w) + f(w). Suppose -2*d + 7 = -3, -4*d = 4*y - 40. Calculate z(y).
5
Let i(k) = -21*k - 164 - 35 - 20*k - 57 + 58*k. What is i(15)?
-1
Let v(c) = -c**3 + 10*c**2 + 12*c - 8. Suppose 2*s + 15 = i, 4*s = -2*i + 11 + 3. Suppose 107*d - i = 106*d. Give v(d).
3
Suppose -3*k + 3*c = -30, 2*k + 2*c - 28 = -2*k. Let l be 1*k*2/4. Suppose 5*h + 4*a - 42 - 13 = 0, -h = l*a - 27. Let m(d) = -d + 3. What is m(h)?
-4
Let v(y) = y**2 + y - 1. Let g = -46 + 48. Suppose g*i + h - 1 = -i, 5*i - h = 15. Let l be v(i). Let x(q) = q**3 - 5*q**2 - 3. Give x(l).
-3
Let p(b) be the second derivative of -4 - 3*b**2 - 11/12*b**4 + 26*b + 5/3*b**3 + 1/20*b**5. Calculate p(10).
-6
Let a(w) be the first derivative of -w**4/4 - 8*w**3/3 + 3*w**2/2 + 12*w + 73026. Let r be -2*((-8)/2)/(-1). Give a(r).
-12
Let r(f) be the third derivative of f**6/120 - 2*f**5/15 